9174609?
9
What is the hundred thousands digit of 18523770?
5
What is the ten thousands digit of 8561927?
6
What is the units digit of 690410?
0
What is the thousands digit of 1627922?
7
What is the thousands digit of 6921548?
1
What is the hundred thousands digit of 3343308?
3
What is the units digit of 980243?
3
What is the ten millions digit of 14102120?
1
What is the ten thousands digit of 1165944?
6
What is the thousands digit of 8769134?
9
What is the millions digit of 31853793?
1
What is the thousands digit of 1834196?
4
What is the units digit of 605553?
3
What is the tens digit of 693824?
2
What is the ten thousands digit of 15280734?
8
What is the ten millions digit of 30715105?
3
What is the units digit of 287582?
2
What is the thousands digit of 313427?
3
What is the thousands digit of 1352434?
2
What is the thousands digit of 1885648?
5
What is the hundred thousands digit of 497964?
4
What is the hundreds digit of 21707917?
9
What is the ten thousands digit of 347939?
4
What is the hundred thousands digit of 224107?
2
What is the ten thousands digit of 228538?
2
What is the thousands digit of 5073620?
3
What is the hundreds digit of 74454?
4
What is the tens digit of 2584704?
0
What is the tens digit of 3793798?
9
What is the ten thousands digit of 12021?
1
What is the units digit of 331445?
5
What is the tens digit of 4861086?
8
What is the hundreds digit of 3582431?
4
What is the units digit of 14083449?
9
What is the units digit of 567786?
6
What is the thousands digit of 356861?
6
What is the units digit of 277506?
6
What is the tens digit of 333710?
1
What is the units digit of 361859?
9
What is the ten thousands digit of 172985?
7
What is the units digit of 894045?
5
What is the hundreds digit of 2358374?
3
What is the millions digit of 1048587?
1
What is the hundreds digit of 980258?
2
What is the hundred thousands digit of 221107?
2
What is the hundreds digit of 2088115?
1
What is the tens digit of 1262994?
9
What is the units digit of 418979?
9
What is the millions digit of 2420837?
2
What is the thousands digit of 508656?
8
What is the thousands digit of 22044?
2
What is the hundred thousands digit of 26265692?
2
What is the thousands digit of 3529898?
9
What is the hundreds digit of 6899?
8
What is the thousands digit of 3647594?
7
What is the units digit of 18117766?
6
What is the thousands digit of 5261604?
1
What is the ten thousands digit of 6744785?
4
What is the millions digit of 2842854?
2
What is the thousands digit of 8091932?
1
What is the thousands digit of 25485264?
5
What is the hundred thousands digit of 391144?
3
What is the hundred thousands digit of 613533?
6
What is the tens digit of 12710356?
5
What is the tens digit of 211976?
7
What is the hundred thousands digit of 497788?
4
What is the units digit of 61000?
0
What is the millions digit of 1063413?
1
What is the ten thousands digit of 224552?
2
What is the hundreds digit of 33361?
3
What is the millions digit of 12550472?
2
What is the tens digit of 33252851?
5
What is the units digit of 142850?
0
What is the millions digit of 7360548?
7
What is the units digit of 1912585?
5
What is the ten thousands digit of 1170944?
7
What is the thousands digit of 279734?
9
What is the hundreds digit of 3918778?
7
What is the units digit of 1142914?
4
What is the hundred thousands digit of 478343?
4
What is the tens digit of 1798767?
6
What is the tens digit of 200328?
2
What is the tens digit of 5752975?
7
What is the hundred thousands digit of 963624?
9
What is the ten thousands digit of 140957?
4
What is the ten millions digit of 18257046?
1
What is the ten thousands digit of 467089?
6
What is the thousands digit of 417805?
7
What is the ten thousands digit of 2498753?
9
What is the ten millions digit of 13339164?
1
What is the units digit of 17372019?
9
What is the ten thousands digit of 14929988?
2
What is the hundred thousands digit of 291597?
2
What is the thousands digit of 139274?
9
What is the hundreds digit of 5926659?
6
What is the millions digit of 8841729?
8
What is the millions digit of 2837561?
2
What is the thousands digit of 1316643?
6
What is the units digit of 714796?
6
What is the ten thousands digit of 543804?
4
What is the hundreds digit of 11864944?
9
What is the tens digit of 3728295?
9
What is the hundred thousands digit of 2036828?
0
What is the units digit of 1680842?
2
What is the tens digit of 4101784?
8
What is the tens digit of 5493084?
8
What is the hundreds digit of 1929601?
6
What is the units digit of 2834507?
7
What is the tens digit of 190356?
5
What is the hundreds digit of 114184?
1
What is the units digit of 345392?
2
What is the thousands digit of 2699527?
9
What is the millions digit of 9284946?
9
What is the units digit of 217795?
5
What is the ten thousands digit of 1932517?
3
What is the millions digit of 1757774?
1
What is the thousands digit of 4224533?
4
What is the tens digit of 473018?
1
What is the hundred thousands digit of 7852183?
8
What is the ten thousands digit of 10097761?
9
What is the thousands digit of 614880?
4
What is the millions digit of 2507872?
2
What is the hundred thousands digit of 688307?
6
What is the millions digit of 24188583?
4
What is the tens digit of 2288549?
4
What is the ten thousands digit of 668779?
6
What is the thousands digit of 1682091?
2
What is the thousands digit of 117245?
7
What is the millions digit of 3886416?
3
What is the ten thousands digit of 287506?
8
What is the hundreds digit of 183644?
6
What is the ten millions digit of 11262433?
1
What is the millions digit of 7273613?
7
What is the hundreds digit of 1271133?
1
What is the units digit of 901470?
0
What is the hundred thousands digit of 21217908?
2
What is the thousands digit of 366051?
6
What is the ten thousands digit of 440265?
4
What is the millions digit of 3121449?
3
What is the hundreds digit of 156752?
7
What is the hundred thousands digit of 672193?
6
What is the ten thousands digit of 3807053?
0
What is the thousands digit of 121952?
1
What is the hundred thousands digit of 8851100?
8
What is the tens digit of 17264236?
3
What is the thousands digit of 975725?
5
What is the units digit of 438626?
6
What is the units digit of 3970142?
2
What is the ten thousands digit of 290429?
9
What is the millions digit of 2403572?
2
What is the hundreds digit of 205858?
8
What is the tens digit of 2353038?
3
What is the thousands digit of 13320?
3
What is the hundred thousands digit of 6814615?
8
What is the ten thousands digit of 201152?
0
What is the hundred thousands digit of 5908086?
9
What is the hundred thousands digit of 171092?
1
What is the units digit of 490919?
9
What is the millions digit of 26964934?
6
What is the ten thousands digit of 10622572?
2
What is the ten thousands digit of 404941?
0
What is the thousands digit of 303450?
3
What is the thousands digit of 13803050?
3
What is the thousands digit of 249820?
9
What is the millions digit of 2314679?
2
What is the hundred thousands digit of 227589?
2
What is the thousands digit of 911199?
1
What is the hundreds digit of 486884?
8
What is the hundreds digit of 3526354?
3
What is the ten thousands digit of 6887244?
8
What is the ten thousands digit of 558055?
5
What is the ten millions digit of 20095777?
2
What is the millions digit of 5403296?
5
What is the tens digit of 753577?
7
What is the units digit of 2066400?
0
What is the ten thousands digit of 352640?
5
What is the thousands digit of 154014?
4
What is the hundreds digit of 156110?
1
What is the millions digit of 4774161?
4
What is the tens digit of 754125?
2
What is the hundred thousands digit of 2399704?
3
What is the hundred thousands digit of 3420812?
4
What is the tens digit of 797371?
7
What is the hundreds digit of 27762440?
4
What is the tens digit of 3561143?
4
What is the ten thousands digit of 4235972?
3
What is the ten thousands digit of 14382096?
8
What is the thousands digit of 4289772?
9
What is the hundreds digit of 33935322?
3
What is the units digit of 480637?
7
What is the tens digit of 1886?
8
What is the ten thousands digit of 223342?
2
What is the hundred thousands digit of 734414?
7
What is the thousands digit of 2585845?
5
What is the hundreds digit of 5012791?
7